c be 0/2*2/(-6). Let a be (c - 5)*24/10. List the prime factors of -2*15*8/a.
2, 5
Let b(m) = -2*m. Let z(l) = 5*l - 16. Let i(r) = -3*b(r) - z(r). Let j = -5 - 2. List the prime factors of i(j).
3
Let o be ((-4)/(-6))/((-4)/18). Let d be (8 - -1)*(-2)/o. Suppose 0 = -d*l + l + 5*q + 185, l = 3*q + 33. What are the prime factors of l?
3, 13
Let n be 902/(-44)*(0 - -8). Let q = n - -292. What are the prime factors of q?
2
Let h(p) = -2*p + 2. Let a be h(7). Let y = 85 - 82. List the prime factors of 15 + a/y + 3.
2, 7
Let q(y) = 11*y**3 - y**2 + y. Let a be q(1). Let n = 14 - a. What are the prime factors of (-3 - n)*(-8)/6?
2
Let m(y) = y - 50. Let k be m(-22). Let b = 351 + k. List the prime factors of b.
3, 31
Suppose 0 = 3*x + 4*j + 232 - 988, 252 = x - j. List the prime factors of x.
2, 3, 7
Suppose -3*c + 28*c - 78425 = 0. List the prime factors of c.
3137
Let b(v) = -13*v - 9. List the prime factors of b(-31).
2, 197
Let g(c) = -c**3 + 41*c + 24. List the prime factors of g(-10).
2, 307
Let w(l) = -l**3 - l**2 - 4*l - 2. Let v be w(4). Suppose -2*o + 122 = -4*o. Let r = o - v. List the prime factors of r.
37
Let q(z) = 2*z**2 - 4*z - 6. Let f be q(5). List the prime factors of 1/(2/6) + f/2.
3, 5
Suppose -5*u - 3122 = -4*g, 0 = -24*g + 27*g - 2*u - 2345. What are the prime factors of g?
3, 29
Let l(t) = 17*t + 6. Let q be l(3). Let p be -2 + 0 + q/3. Suppose 0 = 2*w - p - 25. What are the prime factors of w?
3, 7
Suppose 5*z + 85 = l - 1097, -5*z + 4703 = 4*l. What are the prime factors of l?
11, 107
Let t be 5 + 2/(2/5). Let l = -3 - -5. Suppose -4*g + t = -l*g. List the prime factors of g.
5
Let b(s) = -5*s - 13. Let c be b(-3). Suppose -c*v + 5*v = 117. List the prime factors of v.
3, 13
Suppose -6*w + 10 = -14. Suppose 5*i + 3180 = -w*f, -1255 = 2*i - 0*i + 5*f. List the prime factors of ((-9)/(-4))/((-24)/i).
2, 3, 5
Let s(a) = 19*a**2 + 35*a - 167. What are the prime factors of s(6)?
727
Suppose 3*k - 4*k + 2 = -5*i, 0 = i - 2*k + 4. Suppose 4*a - 2*b - 25 = 39, -2*a - 2*b + 32 = i. List the prime factors of a.
2
Let v = 23 + -16. Suppose v*d = 8*d. Let c = 17 - d. List the prime factors of c.
17
Suppose 4*b = 3*k - 5*k + 12, 2*k - 6 = 2*b. Suppose k*x - 14 = 78. List the prime factors of x.
23
Suppose 0 = 5*w - 2*n - 1694, -2*w - 2*n = -95 - 591. What are the prime factors of w?
2, 5, 17
Let t = 0 - 16. Suppose -2160 = -303*c + 307*c. List the prime factors of c/t + 9/(-12).
3, 11
Let l(j) = j**3 - 9*j**2 + 3*j - 21. Let q be l(9). What are the prime factors of (1 - (-3 - -2))/(q/123)?
41
Let z be 2*((-12)/(-8) + -1). Suppose -7*s = -5*s + 2, v = -3*s - z. Suppose 2 + 6 = 3*g - 4*t, 0 = -v*g + 2*t + 8. What are the prime factors of g?
2
Let n(d) = -d**2 - 15*d - 8. Let u = -9 - -2. Let i = 1 + u. What are the prime factors of n(i)?
2, 23
Suppose -v = -4*b + 54, -4*b + 2*v = -0*v - 56. Let d be (3 - 4) + b + 3. Let m = d - -4. What are the prime factors of m?
19
Suppose -330 = -6*y + y + 5*o, -2*o = -4*y + 270. Let r = y - 58. What are the prime factors of r?
11
List the prime factors of ((-14)/(-12))/7*(-10 + 38392).
6397
Let w be 2/(-11) - 1512/154. Let b(q) = q**2 + 11*q + 14. Let d be b(w). Suppose -3*y - 3*g + 198 = -0*y, d*y - 264 = 3*g. List the prime factors of y.
2, 3, 11
Let m = 31 - 23. Let a be 54/(-21) - m/(-14). What are the prime factors of (0 - -2)/a*-38?
2, 19
Let d = 2253 + -1537. List the prime factors of d.
2, 179
Suppose -280 = 3*a - 5*a - 4*i, a - 141 = -i. Let j = 441 - a. What are the prime factors of j?
13, 23
Let d(b) = 779*b**2 + 67*b + 66. List the prime factors of d(-1).
2, 389
Let i(d) = -d**3 + 10*d**2 + 4*d - 13. Let r be -1*1*(8 - 1)*-1. What are the prime factors of i(r)?
2, 3
Let j(t) be the second derivative of -19*t**3/6 + t**2/2 - t. Let q be (-1)/((15/(-30))/(2/(-4))). List the prime factors of j(q).
2, 5
Let l(g) be the second derivative of g**5/20 + g**4/6 - g**3/6 - 5*g. Let z be l(1). Suppose -z*p = -7*p + 125. List the prime factors of p.
5
Let z = 681 + -268. List the prime factors of z.
7, 59
What are the prime factors of 11/((-385)/(-50))*(1 + 202)?
2, 5, 29
Let g be 2/(-10) + 147/35. Suppose g = 3*b - 101. What are the prime factors of b?
5, 7
Let r(h) = -5*h**2 + 5*h + 6. Let l be r(5). Let g = -61 - l. Suppose 3*n + g = 4*n. List the prime factors of n.
3, 11
Let j(l) = -l**3 + 24*l**2 + 28*l - 63. What are the prime factors of j(20)?
3, 233
Let n = -945 + 5446. What are the prime factors of n?
7, 643
Suppose -71 = -o - 55. Suppose 3*b = 12, 0*b + 29 = c + 4*b. Suppose t = c + o. List the prime factors of t.
29
Let r(m) = 5*m**2 + m - 51. Let w(n) = -2*n**2 + 25. Let y(c) = 3*r(c) + 7*w(c). What are the prime factors of y(-8)?
2, 31
Let m be (2*30)/(-4) - 2. Let q = m - -26. Let r = 26 - q. What are the prime factors of r?
17
Let x be 4 + (-3)/(-9)*57. Suppose 3*g - 25 - x = 3*z, -5*g + 20 = -z. List the prime factors of ((-12)/z)/(10/175).
2, 7
Let t(h) = -3*h - 10. Let y be t(-4). Let g(c) = -y + 3*c - 1 + 2*c - 2. What are the prime factors of g(7)?
2, 3, 5
Let s be 40 + 0 - (-2 + (-28)/(-7)). Suppose j = 27 + s. List the prime factors of j.
5, 13
Let v = -3032 - -7300. What are the prime factors of v?
2, 11, 97
Let v(a) be the third derivative of a**5/120 + 3*a**4/4 - a**3 - 9*a**2. Let y(q) be the first derivative of v(q). What are the prime factors of y(-9)?
3
Let f = -34 - -600. List the prime factors of f.
2, 283
Let t(c) = 77*c**2 - 20*c - 54. What are the prime factors of t(-4)?
2, 17, 37
Let a(o) = o**3 + 9*o**2 + 2*o - 6. Let q be a(-7). Let i = 112 - q. Suppose t + i = k - 18, 5*t = 2*k - 98. List the prime factors of k.
2, 3
Suppose 36*j = 27*j - 306. Let g(y) = y**3 - 8*y**2 + 6. Let d be g(5). Let s = j - d. What are the prime factors of s?
5, 7
Let w be 1 - (0 - (4 - 1)). Suppose w*y - 28 = -2*z, 0 = -2*z + z + 3*y + 14. What are the prime factors of (-42)/z*68/(-6)?
2, 17
Let f = -35 + 37. Suppose f*r - k - 53 = 84, 4*r - 284 = 4*k. What are the prime factors of r?
2, 3, 11
Suppose -q + 14 = 2*m, m - q + 29 = 6*m. Suppose -27 = m*t + 18. What are the prime factors of 0 + 0 - (6 + t)?
3
Let o(r) = r**2 - 43*r + 16. What are the prime factors of o(46)?
2, 7, 11
Suppose -4*i - 5*f - 10 = -25, 4*i - f + 3 = 0. Suppose 5*j + i*j = 0. Suppose -4*g + g + 105 = j. List the prime factors of g.
5, 7
Let h(k) = 388*k + 13. What are the prime factors of h(1)?
401
What are the prime factors of 45*(-8)/(-3) + 6?
2, 3, 7
Let w be 0/(1 - -3) - -4. Suppose -w*k + 17 = -3. Suppose 0 = k*l + 40 - 120. What are the prime factors of l?
2
List the prime factors of -2 - 1338/(0 - (6 - 4)).
23, 29
What are the prime factors of ((-1)/(-3) - 1)/(2/(-1383))?
461
Let h be (-56)/16*24/(-14). Suppose -h + 3 = -3*x - 3*v, -1 = -5*x - v. Suppose 0 = -x*y - y + 32. What are the prime factors of y?
2
Suppose -9*c + 3*z = -14*c + 651, 2*z = -6. What are the prime factors of c?
2, 3, 11
Let y = -22 - -68. Let z = y + 11. What are the prime factors of z?
3, 19
Suppose -5*h = -2*d - 0*h - 129, -2*d = -4*h + 130. Let c = d - -170. Suppose 0 = -4*k + l + c, 5*k + 3*l - 104 - 12 = 0. List the prime factors of k.
5
Let v(k) = k**3 + 13*k**2 + 14*k - 3. Let u be v(-13). Let r = u + 297. What are the prime factors of r?
2, 7
Suppose 12*y - 2064 = 8*y. What are the prime factors of y?
2, 3, 43
Suppose -3*f = -6, 3*q - 3*f + 9 - 3 = 0. What are the prime factors of (5 + q)/(16/272)?
5, 17
Suppose r = 4 - 1. Suppose 0 = z + r - 0. Let f(a) = -a**3 - 2*a**2 - 2. List the prime factors of f(z).
7
Let a = 1188 + -675. What are the prime factors of a?
3, 19
Suppose 0 = 22*a + 7*a - 6583. What are the prime factors of a?
227
Let t be -4 - 387/3 - -5. Let p = t + 235. What are the prime factors of p?
107
Let j be -14*(6/(-4) - -1). Suppose j*a = 2*a + 10. What are the prime factors of a?
2
Suppose 2*p = -3 + 9. What are the prime factors of (13 + 8)*2/p?
2, 7
Suppose -14*r - 1150 = -19*r. List the prime factors of r.
2, 5, 23
Suppose 0 = 2*x + 3 + 15. Let u(r) = r**3 + 8*r**2 - 11*r - 12. Let a be u(x). What are the prime factors of 28/a*6/4?
7
Let o(t) = 3*t - 40. Let r be o(7). Let u = r + 76. What are the prime factors of u?
3, 19
What are the prime factors of (-13)/(195/20) + (-5264)/(-6)?
2, 3, 73
Suppose 4